2, what is 3 + -2?
1
In base 14, what is -4 + 256c?
2568
In base 3, what is -1 - -100000?
22222
In base 12, what is -9a8 + 8?
-9a0
In base 13, what is 96cc + -2?
96ca
In base 4, what is 1 + -2?
-1
In base 7, what is -1132 + -4?
-1136
In base 15, what is 4 - 0?
4
In base 6, what is 1333 + 4?
1341
In base 12, what is 1a6 + 5?
1ab
In base 4, what is 1120223 + 10?
1120233
In base 3, what is -11 + -1021?
-1102
In base 7, what is -16 + -20?
-36
In base 6, what is -341 - 20?
-401
In base 9, what is -3 - -50?
46
In base 16, what is 5 - -8c?
91
In base 14, what is a - 104c?
-1042
In base 8, what is -4 - -416?
412
In base 5, what is -4132 - -4?
-4123
In base 12, what is 28 - -b?
37
In base 13, what is -1 + -2329?
-232a
In base 8, what is -2117 + -3?
-2122
In base 6, what is -31 + -42?
-113
In base 2, what is 100 + 10001100011?
10001100111
In base 13, what is -16 + -5?
-1b
In base 15, what is 12c + 0?
12c
In base 6, what is 2 - -1?
3
In base 10, what is 2 + -125?
-123
In base 13, what is -2 - -38b?
389
In base 15, what is 2 + -1ab?
-1a9
In base 6, what is 5231 + 1?
5232
In base 4, what is -312 - -131?
-121
In base 7, what is -42 - -6?
-33
In base 16, what is 5 - c1?
-bc
In base 10, what is -3 - -1667?
1664
In base 16, what is -ce - -1?
-cd
In base 11, what is 6 - -3?
9
In base 14, what is -1440 + 1?
-143d
In base 11, what is 349 + 5?
353
In base 3, what is 12 - -20211?
21000
In base 16, what is -463 + 1?
-462
In base 8, what is -1562 - 5?
-1567
In base 15, what is 4 + -70?
-6b
In base 11, what is -30 - -9?
-22
In base 3, what is -122110 + 1?
-122102
In base 7, what is -125133 + 2?
-125131
In base 15, what is -1c70 + 0?
-1c70
In base 4, what is 2303 - 23?
2220
In base 4, what is -223 + -20?
-303
In base 11, what is -2185 + 0?
-2185
In base 6, what is -4 - -112?
104
In base 7, what is -11 + 32?
21
In base 13, what is 2b7 + 5?
2bc
In base 10, what is -2 - -1063?
1061
In base 8, what is 170 + -72?
76
In base 16, what is 14 - -1e?
32
In base 3, what is -22 + -121?
-220
In base 14, what is 492 - 5?
48b
In base 12, what is -5 - b10?
-b15
In base 16, what is -2 - -32?
30
In base 5, what is 203 + 1314?
2022
In base 7, what is 1 - 25?
-24
In base 15, what is 191 - 2?
18e
In base 10, what is 45206 + 2?
45208
In base 6, what is 524 + 4?
532
In base 10, what is -367 + -2?
-369
In base 3, what is -2202101 + 12?
-2202012
In base 13, what is 1b + 5?
23
In base 4, what is 333 + -10?
323
In base 5, what is -10 - -321?
311
In base 8, what is -32 - -16?
-14
In base 12, what is -83a + -1?
-83b
In base 11, what is -7 + -2632?
-2639
In base 4, what is -2 - -10310?
10302
In base 11, what is -6 - -13?
8
In base 3, what is 20 - 22121?
-22101
In base 2, what is -10111 - -1?
-10110
In base 5, what is 441 - -12?
1003
In base 7, what is -234 - 20?
-254
In base 12, what is 3 - 253?
-250
In base 5, what is 0 + 222?
222
In base 2, what is 100000 + 110?
100110
In base 6, what is -204 + -5?
-213
In base 12, what is -3 + -67?
-6a
In base 13, what is -3 - 119?
-11c
In base 10, what is -1794 + -3?
-1797
In base 4, what is 2 - 103330?
-103322
In base 7, what is -3 - 50?
-53
In base 4, what is 21001 - 2?
20333
In base 9, what is -105 - 6?
-112
In base 16, what is 2 - 35a?
-358
In base 2, what is 100 - 11101011010?
-11101010110
In base 4, what is 2 + -22133?
-22131
In base 8, what is -120 - 10?
-130
In base 2, what is 1 - 101100001110?
-101100001101
In base 15, what is 4 - 88?
-84
In base 6, what is 21350 + 3?
21353
In base 8, what is 0 + -6115?
-6115
In base 3, what is -12 - 200?
-212
In base 7, what is -2 + -415?
-420
In base 14, what is 4 + -d8?
-d4
In base 5, what is 3 + 3302?
3310
In base 15, what is -71e + 1?
-71d
In base 7, what is 63 + 251?
344
In base 3, what is -20021201 - -12?
-20021112
In base 12, what is -181 - 5?
-186
In base 12, what is -5 + -223?
-228
In base 7, what is 2 - -5?
10
In base 13, what is -2 + ba?
b8
In base 6, what is 122 + 5?
131
In base 8, what is 605 - 4?
601
In base 3, what is 2 + -121220?
-121211
In base 11, what is 4 + -20?
-17
In base 2, what is 111 + -10011?
-1100
In base 5, what is 2 + 2234?
2241
In base 13, what is 25 + -7?
1b
In base 8, what is 6 + 4433?
4441
In base 8, what is 35 + 165?
222
In base 15, what is -1a8 - 3c?
-1e5
In base 15, what is -8 + -16?
-1e
In base 10, what is 455 + 7?
462
In base 7, what is -5 + -136?
-144
In base 15, what is 640 - 6?
639
In base 7, what is -5 - -352?
344
In base 13, what is -4 + 109?
105
In base 12, what is -4 - 285?
-289
In base 2, what is 111011100 - -10?
111011110
In base 6, what is 150033 - 4?
150025
In base 5, what is -3311 - 10?
-3321
In base 14, what is -5474 - -2?
-5472
In base 8, what is -1750 + 4?
-1744
In base 3, what is -12102 - 12?
-12121
In base 16, what is 3bb + 1?
3bc
In base 16, what is -546 - 5?
-54b
In base 9, what is 0 + 31?
31
In base 5, what is 3144 + 14?
3213
In base 9, what is -5 - -8748?
8743
In base 3, what is -2 + -1122?
-1201
In base 8, what is -6 - -6?
0
In base 15, what is 6 - 231?
-22a
In base 8, what is -12 - 4062?
-4074
In base 8, what is 1016 - -1?
1017
In base 3, what is -11 + -21110121?
-21110202
In base 11, what is -89 + 4?
-85
In base 16, what is 9 + 3d?
46
In base 12, what is 143 + 0?
143
In base 2, what is -111010100 - -1?
-111010011
In base 15, what is 4 + 1?
5
In base 15, what is 8 + -6?
2
In base 10, what is -4 - 199?
-203
In base 9, what is 0 - -11?
11
In base 14, what is -5 - 822?
-827
In base 14, what is a4 + 44?
108
In base 12, what is -7 + -69?
-74
In base 16, what is 11 + a6?
b7
In base 13, what is 1 - 4b5?
-4b4
In base 7, what is 34531 + 1?
34532
In base 13, what is 15 - 9?
9
In base 2, what is -10010111111100 - -11?
-10010111111001
In base 14, what is -5 + -50a?
-511
In base 6, what is 11 + 33?
44
In base 15, what is -1 + c2?
c1
In base 16, what is -1f + -15?
-34
In base 11, what is 9 - -6?
14
In base 15, what is 8a + 13?
9d
In base 2, what is -11 - 1000001?
-1000100
In base 4, what is -1222 - 3?
-1231
In base 14, what is c5 + -4b?
78
In base 9, what is 83661 - 0?
83661
In base 16, what is -5 - -72?
6d
In base 9, what is 243 - 0?
243
In base 15, what is -41b - a?
-426
In base 2, what is 1110 - 1?
1101
In base 2, what is -101 - -110010?
101101
In base 8, what is 221 - -11?
232
In base 9, what is 15425 - -3?
15428
In base 14, what is 0 + -10?
-10
In base 4, what is 0 + -220?
-220
In base 13, what is -7 - 71?
-78
In base 14, what is -2 - -90?
8c
In base 16, what is -fee - -5?
-fe9
In base 10, what is 4 + 229?
233
In base 4, what is -11012233 - 1?
-11012300
In base 9, what is 4 + -312?
-307
In base 6, what is -42 - -142?
100
In base 5, what is 12034 - 10?
12024
In base 12, what is 9 - 134?
-127
In base 13, what is -10 - 0?
-10
In base 5, what is -2421 - -1?
-2420
In base 13, what is 5 + 183?
188
In base 16, what is -1 - -25b?
25a
In base 13, what is -2 - 1b3?
-1b5
In base 15, what is 10 + -43?
-33
In base 9, what is 421 - -5?
426
In base 8, what is -2 - 2031?
-2033
In base 2, what is 11 - 10100?
-10001
In base 5, what is 10 - 1313?
-1303
In base 8, what is 4 + 60?
64
In base 2, what is 100110 + -11010?
1100
In base 11, what is -8a2 - 0?
-8a2
In base 5, what is 424 - -4?
433
In base 14, what is a + 52?
5c
In base 9, what is -2 + -547?
-550
In base 6, what is 5 + 43?
52
In base 4, what is 3 + 12212?
12221
In base 4, what is -13232 + 2?
-13230
In base 3, what is 111011 + 21?
111102
In base 16, what is -4b - -1b?
-30
In base 13, what is 25 + 15?
3a
In base 14, what is -429 - 9?
-434
In base 16, what is 696 - 3?
693
In base 9, what is 4 - -157?
162
In base 16, what is -18f + 1?
-18e
In base 14, what is -3c - -3?
-39
In base 9, what is -8 - 25?
-34
In base 7, what is 5 - -55?
63
In base 3, what is -11211010 + -11?
-11211021
In base 13, what is -2 - -26?
24
In base 16, what is 107 + -4a?
bd
In base 7, what is -1044 + -2?
-1046
In base 10, what is 39 - 56?
-17
In base 14, what is -4 + a2?
9c
In base 16, what is 21f - -5?
224
In base 7, what is -514 - 5?
-522
In base 9, what is 0 - -41?
41
In base 9, what is 32 + -10?
22
In base 2, what is 1111100 + 11010011?
101001111
In base 15, what is 0 - 5c?
-5c
In base 4, what is -21 - -1103?
1022
In base 15, what is 1 + -5d?
-5c
In base 16, what is dc + -4?
d8
In base 13, what is -9 + -34?
-40
In base 10, what is 5 + 665?
670
In base 